-4b0?
18a41
In base 8, what is 70627 + 3576?
74425
In base 11, what is 5 + 1331950?
1331955
In base 10, what is -1084 - -239923?
238839
In base 16, what is 91ec1 - -44?
91f05
In base 12, what is -36 - 98b24?
-98b5a
In base 7, what is 21 - 2461336545?
-2461336524
In base 11, what is -38138 + -8098?
-45225
In base 7, what is 10 - -152355504?
152355514
In base 12, what is -5151b + -19?
-51538
In base 7, what is 3 + -6061302?
-6061266
In base 7, what is 20050 + 6002?
26052
In base 16, what is -2041b4f - -5?
-2041b4a
In base 4, what is 1 - -3222331302100?
3222331302101
In base 11, what is -17593 - -1686?
-15a08
In base 10, what is -2528 - 1152?
-3680
In base 13, what is -183a67 - -4?
-183a63
In base 5, what is 0 - 3221021?
-3221021
In base 14, what is 10 + 31115d?
31116d
In base 5, what is 0 + 320232330211?
320232330211
In base 8, what is 12406 - 47404?
-34776
In base 7, what is 664 - 25636?
-24642
In base 2, what is 100 + -110110000011001110101000010?
-110110000011001110100111110
In base 15, what is 5566 + -24ba?
309b
In base 5, what is -23420 - 11102?
-40022
In base 13, what is -5 - 319a82c?
-319a834
In base 4, what is 12 - -12000030331333?
12000030332011
In base 2, what is -100001101 - 100000101100011111?
-100000110000101100
In base 3, what is -1100200220211020 + 2?
-1100200220211011
In base 16, what is -25 - 2f309?
-2f32e
In base 9, what is 17100814 - 6?
17100807
In base 8, what is 2770 - 131626?
-126636
In base 8, what is -6073 + -470075?
-476170
In base 5, what is 4443244 + 430?
4444224
In base 16, what is -1f + 1476aa?
14768b
In base 10, what is 4420501 - -8?
4420509
In base 15, what is -77c9 + -691?
-7e6a
In base 12, what is 2 - 502187b0?
-502187aa
In base 12, what is 41589 - 38?
41551
In base 5, what is 4020132300 + -212?
4020132033
In base 16, what is 4b76 + -189?
49ed
In base 12, what is 157657 - -4?
15765b
In base 9, what is 0 + 42474853?
42474853
In base 13, what is 131b07b - -b?
131b089
In base 15, what is -238 + -22e8?
-2531
In base 3, what is 11 + 1101100012211221?
1101100012212002
In base 7, what is 531436 + 5305?
540044
In base 6, what is -424 - 20211240?
-20212104
In base 16, what is 5 - 55f5fb9?
-55f5fb4
In base 12, what is 22b1151 + 1a?
22b116b
In base 8, what is 217764066 + -30?
217764036
In base 10, what is -5 - -2266958?
2266953
In base 10, what is 540 + -24637?
-24097
In base 15, what is 23a5 - -2aa?
2660
In base 5, what is -10 - 3231230200?
-3231230210
In base 11, what is 58809 - 154?
58665
In base 6, what is -10101424 - 405?
-10102233
In base 13, what is 34 + 40867?
4089b
In base 15, what is -13c + -2040c?
-20549
In base 5, what is -32133 + -34343?
-122031
In base 5, what is 1241044343 + -32?
1241044311
In base 15, what is 18e86eda - -5?
18e86ee0
In base 12, what is -5 - 662021?
-662026
In base 16, what is -21 - 73985?
-739a6
In base 6, what is 1042 - 251310?
-250224
In base 9, what is -2 + -304727845?
-304727847
In base 15, what is -5c - -5cacdc?
5cac80
In base 8, what is -2653 + 25054?
22201
In base 16, what is -4 + 1c95fa?
1c95f6
In base 4, what is -1113200320 + 10113?
-1113130201
In base 3, what is -11220012122 + 2110011?
-11210202111
In base 5, what is 2431344203044 + -2?
2431344203042
In base 16, what is -c6a54 + d2?
-c6982
In base 4, what is 11123313211 + -13103?
11123300102
In base 9, what is 103358010 + 1?
103358011
In base 6, what is 522215204 + -3?
522215201
In base 4, what is -232210 - 3233013?
-10131223
In base 5, what is -211 - -11130112?
11124401
In base 7, what is -4441 - -1443265?
1435524
In base 16, what is -40 - 27498?
-274d8
In base 14, what is 199 - -386c6?
38881
In base 7, what is -431410 + 532?
-430545
In base 3, what is -11 + -10102010000100010?
-10102010000100021
In base 12, what is -4 - -2505a84?
2505a80
In base 7, what is -13004216 + 3?
-13004213
In base 5, what is 221 + 102023001?
102023222
In base 8, what is 132260 - 1351?
130707
In base 2, what is -1010001001110110001000101 - 100100?
-1010001001110110001101001
In base 7, what is -15551 - 10523?
-26404
In base 16, what is 1593eb9 + 6?
1593ebf
In base 9, what is 1 + -7337235?
-7337234
In base 14, what is 1 + 1690ab7?
1690ab8
In base 7, what is 3 - -410260124?
410260130
In base 15, what is -1 - be25e?
-be260
In base 5, what is 4 - 232430043334?
-232430043330
In base 6, what is -23151513 + -145?
-23152102
In base 12, what is -2935208 - 3b?
-2935247
In base 3, what is -21002220 + 2001110?
-12001110
In base 12, what is 264 + 359ba7?
35a24b
In base 10, what is 79 - -41683?
41762
In base 4, what is -11201130330 + -11?
-11201131001
In base 5, what is 11 + -310222200?
-310222134
In base 6, what is -2513 - -11151335?
11144422
In base 14, what is -4da1c8 + 4?
-4da1c4
In base 13, what is 398420 - -56?
398476
In base 12, what is 5 + b88b470?
b88b475
In base 10, what is 5194 - -3212?
8406
In base 6, what is -20021441 + -1342?
-20023223
In base 8, what is 115 + -2771467?
-2771352
In base 9, what is 1 + 454753144?
454753145
In base 5, what is 320 + -132401341?
-132401021
In base 7, what is 210515043 - -12?
210515055
In base 5, what is 2031040100 + -42?
2031040003
In base 12, what is -6aa - -a6b?
381
In base 7, what is 3324 + 1555?
5212
In base 5, what is -114123 + 13014?
-101104
In base 15, what is 1a13 + -956?
10ac
In base 3, what is 11120120 - -22212020020?
100000210210
In base 5, what is 1 + -414432444?
-414432443
In base 10, what is -1 + -2661064?
-2661065
In base 4, what is 1111123 + -31123?
1020000
In base 12, what is -7a8062 + 37?
-7a8027
In base 8, what is -1065 - -1567714?
1566627
In base 7, what is 110 - 15015356?
-15015246
In base 2, what is 110010111000100 - -110000101011111?
1100011100100011
In base 16, what is -31 - -fbce?
fb9d
In base 14, what is 3 + -b958ac?
-b958a9
In base 8, what is -5 + 112527752?
112527745
In base 2, what is -101011110111000000 + 1101001110?
-101011101001110010
In base 13, what is -3 - 5a64697?
-5a6469a
In base 5, what is 422 + 21204121?
21210043
In base 5, what is 234334 - -10304?
300143
In base 9, what is 65 - -43888?
44064
In base 5, what is 21003011 - 1230?
21001231
In base 16, what is 1705e19 - -5?
1705e1e
In base 10, what is 5606 - -568?
6174
In base 9, what is -1422081857 - -4?
-1422081853
In base 2, what is -1010111110101010000000 + -101?
-1010111110101010000101
In base 5, what is -33314 + -1404232?
-1443101
In base 7, what is -111335 - -114?
-111221
In base 15, what is -64d0 - -d03?
-56cc
In base 3, what is -222 - -2002201001200?
2002201000201
In base 15, what is -3 + -10eeac9?
-10eeacc
In base 13, what is 19459 + 15b?
195b7
In base 5, what is 140434442234 + 2?
140434442241
In base 4, what is 303103 + 212122?
1121231
In base 5, what is -132434331 - 1241?
-132441122
In base 7, what is 5 - 4265050?
-4265042
In base 7, what is 0 - 223313031?
-223313031
In base 8, what is -4 - -2621747?
2621743
In base 5, what is -3022 - 2111242?
-2114314
In base 3, what is 110 - 11220112111?
-11220112001
In base 5, what is -2 - -1110122111?
1110122104
In base 13, what is 0 + -187cb61?
-187cb61
In base 12, what is 353a0 + 22?
35402
In base 3, what is 10020222 - 1121200221?
-1111102222
In base 13, what is 4 + -24314879?
-24314875
In base 7, what is 4066623244 + -2?
4066623242
In base 10, what is -48377 + -15966?
-64343
In base 5, what is -30000241303 + 3?
-30000241300
In base 15, what is 15bc5 + 7b9?
1648e
In base 8, what is -226325373 + -3?
-226325376
In base 9, what is -4 + -157524502?
-157524506
In base 12, what is 4 - -345220b2?
345220b6
In base 15, what is 85a14d9 - 3?
85a14d6
In base 11, what is -11 + -32966?
-32977
In base 7, what is 21315225300 - 2?
21315225265
In base 4, what is -1221322320 - 300?
-1221323220
In base 10, what is 22 - 542206?
-542184
In base 8, what is 141517 - 2530?
136767
In base 4, what is -1031220020121 + -111?
-1031220020232
In base 12, what is -4 - -56a8a1?
56a899
In base 16, what is 313 - 13999?
-13686
In base 6, what is 14152210404 - 2?
14152210402
In base 11, what is -3a + 3743525?
3743496
In base 9, what is -26714 + -550?
-27364
In base 12, what is -513 + 59361?
58a4a
In base 7, what is 635604 + -3330?
632244
In base 9, what is -270841 + -6?
-270847
In base 8, what is -5 + -234007204?
-234007211
In base 15, what is -18d57 + dde?
-17e68
In base 13, what is -11a11982 - 2?
-11a11984
In base 2, what 